
What is the ten thousands digit of 17914?
1
What is the units digit of 813?
3
What is the hundreds digit of 57490?
4
What is the hundred thousands digit of 163909?
1
What is the tens digit of 7863?
6
What is the tens digit of 3515?
1
What is the hundreds digit of 1085?
0
What is the tens digit of 2004?
0
What is the tens digit of 7077?
7
What is the hundreds digit of 15223?
2
What is the tens digit of 52007?
0
What is the units digit of 1248?
8
What is the units digit of 3779?
9
What is the thousands digit of 2096?
2
What is the thousands digit of 19647?
9
What is the hundreds digit of 9555?
5
What is the thousands digit of 1316?
1
What is the units digit of 54781?
1
What is the ten thousands digit of 11837?
1
What is the tens digit of 1646?
4
What is the tens digit of 22045?
4
What is the hundreds digit of 6126?
1
What is the units digit of 6794?
4
What is the hundreds digit of 30200?
2
What is the hundreds digit of 61063?
0
What is the thousands digit of 4782?
4
What is the tens digit of 2974?
7
What is the units digit of 10868?
8
What is the tens digit of 709?
0
What is the hundreds digit of 5464?
4
What is the hundreds digit of 675?
6
What is the thousands digit of 31127?
1
What is the tens digit of 8219?
1
What is the units digit of 40349?
9
What is the hundreds digit of 18630?
6
What is the hundreds digit of 1702?
7
What is the thousands digit of 31786?
1
What is the ten thousands digit of 10933?
1
What is the units digit of 17228?
8
What is the units digit of 228?
8
What is the hundreds digit of 1672?
6
What is the ten thousands digit of 79952?
7
What is the units digit of 38897?
7
What is the tens digit of 9325?
2
What is the tens digit of 510?
1
What is the units digit of 35533?
3
What is the hundreds digit of 2342?
3
What is the units digit of 1701?
1
What is the units digit of 634?
4
What is the tens digit of 158?
5
What is the units digit of 4401?
1
What is the ten thousands digit of 14470?
1
What is the hundreds digit of 1444?
4
What is the tens digit of 91511?
1
What is the hundreds digit of 6677?
6
What is the tens digit of 2074?
7
What is the hundreds digit of 2902?
9
What is the thousands digit of 1349?
1
What is the units digit of 29858?
8
What is the tens digit of 7334?
3
What is the tens digit of 28396?
9
What is the hundreds digit of 19366?
3
What is the units digit of 53822?
2
What is the units digit of 21587?
7
What is the tens digit of 379?
7
What is the hundreds digit of 2457?
4
What is the thousands digit of 14931?
4
What is the ten thousands digit of 79835?
7
What is the thousands digit of 15265?
5
What is the thousands digit of 5944?
5
What is the units digit of 28?
8
What is the hundreds digit of 51914?
9
What is the hundreds digit of 7725?
7
What is the hundreds digit of 5349?
3
What is the tens digit of 30398?
9
What is the ten thousands digit of 69681?
6
What is the units digit of 1749?
9
What is the ten thousands digit of 51998?
5
What is the hundreds digit of 863?
8
What is the ten thousands digit of 27091?
2
What is the ten thousands digit of 20416?
2
What is the thousands digit of 11342?
1
What is the units digit of 65395?
5
What is the units digit of 665?
5
What is the thousands digit of 17680?
7
What is the ten thousands digit of 23300?
2
What is the tens digit of 1043?
4
What is the units digit of 6024?
4
What is the thousands digit of 8436?
8
What is the hundreds digit of 805?
8
What is the hundreds digit of 268?
2
What is the hundreds digit of 10195?
1
What is the thousands digit of 56480?
6
What is the tens digit of 1009?
0
What is the units digit of 99?
9
What is the tens digit of 5587?
8
What is the thousands digit of 28144?
8
What is the hundreds digit of 909?
9
What is the tens digit of 74906?
0
What is the tens digit of 677?
7
What is the thousands digit of 8850?
8
What is the hundreds digit of 655?
6
What is the units digit of 45506?
6
What is the units digit of 43679?
9
What is the hundreds digit of 5865?
8
What is the hundreds digit of 2767?
7
What is the thousands digit of 1073?
1
What is the thousands digit of 1954?
1
What is the thousands digit of 41517?
1
What is the units digit of 11267?
7
What is the tens digit of 1767?
6
What is the units digit of 12421?
1
What is the thousands digit of 2908?
2
What is the tens digit of 2475?
7
What is the units digit of 29931?
1
What is the hundreds digit of 6453?
4
What is the tens digit of 40?
4
What is the thousands digit of 4134?
4
What is the thousands digit of 6227?
6
What is the hundreds digit of 2199?
1
What is the tens digit of 6060?
6
What is the hundreds digit of 25309?
3
What is the hundreds digit of 42974?
9
What is the tens digit of 3309?
0
What is the ten thousands digit of 22195?
2
What is the tens digit of 1309?
0
What is the thousands digit of 1746?
1
What is the hundreds digit of 16030?
0
What is the tens digit of 661?
6
What is the tens digit of 1634?
3
What is the tens digit of 59376?
7
What is the thousands digit of 15842?
5
What is the thousands digit of 58521?
8
What is the units digit of 10918?
8
What is the units digit of 287?
7
What is the units digit of 3111?
1
What is the tens digit of 2149?
4
What is the thousands digit of 5064?
5
What is the tens digit of 2821?
2
What is the thousands digit of 12788?
2
What is the thousands digit of 4311?
4
What is the hundreds digit of 2597?
5
What is the hundreds digit of 31210?
2
What is the thousands digit of 2850?
2
What is the hundreds digit of 105?
1
What is the ten thousands digit of 13955?
1
What is the ten thousands digit of 16098?
1
What is the ten thousands digit of 10948?
1
What is the hundreds digit of 3305?
3
What is the ten thousands digit of 57565?
5
What is the tens digit of 759?
5
What is the ten thousands digit of 10303?
1
What is the units digit of 1529?
9
What is the hundreds digit of 39410?
4
What is the units digit of 150148?
8
What is the hundreds digit of 9956?
9
What is the tens digit of 1155?
5
What is the hundreds digit of 2187?
1
What is the tens digit of 20992?
9
What is the thousands digit of 3004?
3
What is the ten thousands digit of 104794?
0
What is the units digit of 4160?
0
What is the thousands digit of 19670?
9
What is the thousands digit of 1098?
1
What is the tens digit of 2681?
8
What is the hundred thousands digit of 116138?
1
What is the thousands digit of 5152?
5
What is the thousands digit of 1098?
1
What is the thousands digit of 2727?
2
What is the hundreds digit of 218?
2
What is the units digit of 21094?
4
What is the thousands digit of 4480?
4
What is the units digit of 53934?
4
What is the units digit of 1043?
3
What is the thousands digit of 1837?
1
What is the units digit of 3741?
1
What is the thousands digit of 8248?
8
What is the hundreds digit of 529?
5
What is the units digit of 726?
6
What is the thousands digit of 68271?
8
What is the units digit of 8451?
1
What is the thousands digit of 119419?
9
What is the tens digit of 1181?
8
What is the units digit of 2058?
8
What is the units digit of 633?
3
What is the tens digit of 1008?
0
What is the thousands digit of 11266?
1
What is the units digit of 79365?
5
What is the hundreds digit of 18340?
3
What is the ten thousands digit of 49208?
4
What is the hundreds digit of 1503?
5
What is the tens digit of 18537?
3
What is the thousands digit of 15739?
5
What is the units digit of 96147?
7
What is the tens digit of 122468?
6
What is the thousands digit of 4846?
4
What is the thousands digit of 9323?
9
What is the thousands digit of 1887?
1
What is the thousands digit of 60220?
0
What is the units digit of 6447?
7
What is the hundreds digit of 14351?
3
What is the units digit of 30579?
9
What is the tens digit of 44522?
2
What is the ten thousands digit of 12818?
1
What is the units digit of 68409?
9
What is the ten thousands digit of 95482?
9
What is the units digit of 7295?
5
What is the units digit of 199?
9
What is the thousands digit of 1175?
1
What is the thousands digit of 1056?
1
What is the thousands digit of 26148?
6
What is the units digit of 485?
5
What is the tens digit of 3361?
6
What is the ten thousands digit of 56264?
5
What is the hundreds digit of 77064?
0
What is the hundreds digit of 231?
2
What is the tens digit of 6824?
2
What is the hundreds digit of 16877?